- 10
-64
What is the value of (73 - 127) + (115 - 90)?
-29
52 - (12 + (29 - -13))
-2
What is the value of (50 - 65) + -1 + -6 + -15?
-37
What is the value of -1 - ((33 + 10 - 29) + -3 + 69)?
-81
What is -26 - (-29 + (32 - 11)) - -58?
40
Calculate 12 - (3 - 1 - (1 + -83) - (-1 + 0)).
-73
What is 3 + -4 + (-1 - -4) + 6 + -35 + 36?
9
Evaluate -7 + -46 + -4 + 210 + -189.
-36
Calculate -31 + (5 - 6) + (-21 - (34 + -24 + -23)).
-40
What is the value of (5 - 0 - (12 + -11 + 3) - -4) + 14?
19
Evaluate -3 + 3 + (-13 - 41 - -12 - -16).
-26
Calculate -1 - (3 - 2) - (-42 + 6 + -12 + 7).
39
What is the value of (17 - (-1 + 12)) + -23 + -10 - 3?
-30
Calculate (1 - (-10 + -17)) + -27 - (-3 + -62).
66
What is the value of 1 - (14 - (24 + (-7 - (3 + 2))))?
-1
Evaluate -12 + (-28 - -30) + (2 - 12) - (-2 - 1).
-17
What is -107 + -31 + -95 + 173?
-60
(-54 + 59 - (-8 - -91)) + (-7 - -2)
-83
Evaluate -27 - (18 + -10 + -38).
3
What is 3 + (17 - ((22 - 0) + -14))?
12
Evaluate (0 + (6 - 11) - -7) + 2 + -14.
-10
Evaluate 50 + (-95 - -47) + 42.
44
Evaluate (2 - 1) + -2 + 13 - (8 + (-137 - -139)).
2
What is the value of -49 - (-41 + 11) - (2 + -22)?
1
-70 - 2 - (-1 - -1 - (0 + (3 - 4)))
-73
Evaluate (-2 + 1 - (-13 - -9)) + -213 + 168.
-42
What is the value of -9 + 5 + -16 - -35 - -1 - (-86 - 1)?
103
What is -11 + 1 + 10 - 2 - (65 + -19)?
-48
What is -7 - 0 - (-57 + -54 + 106)?
-2
Evaluate (16 - (6 - (-12 + (-1 - 6)))) + -46.
-55
What is 0 + 21 - (402 + -270 + -187)?
76
Evaluate 0 + 49 - (20 + 2 + (-28 - 3) + 0).
58
Calculate 15 + (28 - 14) - (14 - -50).
-35
What is the value of -31 + 28 - (-12 + (-3 - -11 - 13) + 9)?
5
What is 218 + -261 + (-58 - 46)?
-147
Calculate (-9 - 1) + (22 - (99 - (38 + -19 - 32))).
-100
-1 + (-58 - 1) + (-5426 - -5425)
-61
What is the value of (0 - 1) + 203 + -213 + -3 - 9?
-23
-52 + (-5 - (5 - 10)) - 4 - (94 + -98)
-52
What is the value of -83 + 232 + -80 - (2 + -3 + 11)?
59
Evaluate 32 - ((55 - 87) + 92).
-28
645 + -661 + (5 - (-4 + -61))
54
What is -31 - (-6 - -3) - (-1323 - -1366)?
-71
-58 + (-14 - (-28 - -26)) + 22
-48
What is (-3656 - -3742) + 7 + 23?
116
What is -105 + (74 - (110 - 147))?
6
What is the value of 26 + -54 - (-3 + (7 - -2 - 2) + -2)?
-30
Calculate -58 - (-90 - (-59 - -33)).
6
(36 - -3) + (-1 + 4 - (269 + -256))
29
16 - ((-22 + 13 - -5) + 14) - 67
-61
What is -11 - (89 + -117 + -45 + (0 - 9 - 0))?
71
Evaluate (-9 - -3) + 4 - (14 + -35 + -29).
48
Calculate (-6 - -4 - -8 - 2) + 16 + (12 - 4).
28
2077 - 2099 - (2 - -5)
-29
Calculate 7 + ((32 - 27) + -77 - (-4 - -1)) + 7.
-55
What is 7 - (15 - (1 - 2))?
-9
What is -11 + 21 + -1 + (2 + 5 + 34 - 2)?
48
Evaluate -1 - 14 - (5 + 38 + -35 + -49).
26
What is 13 - (-1 - 1) - (29 - (23 + 23))?
32
Calculate -1 + (16 + (-9 + -1 - -7) - -8).
20
What is (3 - -4 - 15) + 20 + -52 + -2?
-42
Evaluate (-11 + 21 - (30 + 17)) + -5 - 17.
-59
What is 2 + -74 + (-91 - -126)?
-37
What is the value of (-8 + 8 - (-1 + 2)) + -23 + 81 + -77?
-20
What is the value of (-1 - 0 - (-16 + 5)) + -1256 + 1193?
-53
-2 + 1 + (32 - 92) + 23 + -12
-50
Calculate (-4 - -9) + -19 + (24 - (15 + -1)) - 43.
-47
What is -65 + 7 - -4 - (20 - 12 - 18)?
-44
What is the value of (-9 - -8) + (17 - -20) + -18 + -76?
-58
5 + 15 + -2 - (-1 + 33)
-14
(-19 - (24 - 18) - 27) + 13
-39
What is the value of -13 + (63 - -1 - (49 + -8 + -52))?
62
Calculate -70 - -71 - ((-7 - -8) + 7).
-7
What is (-10 - -37) + -23 + 24 + 1 + -20?
9
-3 + 133 + -90 - (2 + 42)
-4
What is the value of (-152 - -240) + (13 - 113)?
-12
What is the value of -12 + (43 - 28) + -36?
-33
What is 189 - 279 - (-53 + 5)?
-42
What is 14 - (7 - (-1 + 0 + -2 - (16 + -26)))?
14
Evaluate (81 + 33 - 114) + (-18 - -1).
-17
What is -6 + (5 + 1 - (88 - 74)) + 48 - 11?
23
-23 + (3 - -5) - (-13 + -67 + -21)
86
What is the value of -20 + (-11 - (23 - 73 - 4))?
23
4 + 3 + -1 - (6 + -14 + 25 - 61)
50
-11 - (8 - 15) - (25 + -7)
-22
1160 - 1149 - (-12 + (3 - (2 + -3)))
19
What is 2 + (2 - -1) - (-12686 + 12635)?
56
Calculate 13 + (-12 - (-50 + -13)) - -13.
77
-27 + 2 + (31 + 5 - -17)
28
81 + (1 - 18 - (26 + -27))
65
What is 91 + (-52 + 23 - 40)?
22
(-2 - (11 + 1 + -7 - -1)) + -13
-21
What is the value of (-4299 - -4185) + (110 - -1)?
-3
Calculate 3 + (43 - 53) - 0 - (-1 + -1).
-5
What is (-8 - -1) + 125 + -90 + (24 - 4)?
48
30 + -74 + 51 - -38
45
What is the value of -16 - (-1 + 7 + -37 + -17)?
32
Evaluate 1 + 5 - ((-124 - -13) + 112 - (-69 - -1)).
-63
Calculate (-10 - (3 - 13 - -2 - (-219 - -216))) + 34.
29
What is the value of (-61 - -60) + 20 - (-3 - 18)?
40
Evaluate -12 - (4 - (1 + 14 - 11) - -3).
-15
Calculate -5 + 7 - (-7 - (3 + -1 - (40 + -34))).
5
What is the value of -53 - 26 - -138 - -59?
118
Calculate (218 - -25) + 8 + -142.
109
What is 10 + (-21 - -3) - (6 + -20) - (-3 - -41)?
-32
What is 122 - (28 - 16 - (5 + -2 + -4))?
109
8 - 140 - -72 - -143
83
Evaluate 51 - ((-1 - -2) + 53 + 29 + -67).
35
36 + (-23 - 30) + 8 + -62
-71
Evaluate (-5 - (-34 - 0 - -13)) + -10.
6
-72 + (228 + -220 - (2 - (-4 + 9)))
-61
Calculate -14 - 4 - 11 - -9.
-20
What is the value of 39 - (-81 + 176 + -141)?
85
-43 + 9 + 32 - (-12 + -1 - -3) - -120
128
What is the value of -92 - -70 - (5 + 2)?
-29
Calculate -89 + (-84 - -61 - -15).
-97
Calculate (-25 - 4 - (-32 + 19)) + (1 - -51).
36
Evaluate 9 + (-1 - 3) + -34 + (22 - 14).
-21
What is the value of 61 + -4 + 3 + -123 + 105?
42
Calculate (10 - (4 + -3 + -8 - -2)) + 13.
28
-5 + -42 + (55 - 66)
-58
What is the value of 15318 + -15368 - (1 + 0 + -18)?
-33
Evaluate 24 + 28 + (-63 - -144).
133
What is the value of 13 - ((1 - 5) + -2 + 17)?
2
What is -9 - (16 + 7 - 50) - 4?
14
Evaluate (15 - (-16 - -4)) + -7.
20
Evaluate (-29 - -1 - -7) + -7 + 42.
14
Evaluate 4091 + -4029 + -27 + -1 + 2.
36
What is (8 + 5 - 9 - -15 - 84) + (12 - 1)?
-54
-83 + (22 - (-2 + 10))
-69
Calculate -77 + (70 + -36 - 5) + -41.
-89
Evaluate 4394 + -4452 - (0 + -15).
-43
Evaluate -9 + (26 - ((-10 - 5) + 24)).
8
What is the value of (-1 - -9) + 47 - (-4 + 0 - (-18 + 10))?
51
52 - (-11 + (-29 - -33) - 15)
74
Calculate (60 - -4) + 0 + -338 + 317.
43
What is the value of -2 + -47 + 112 + -20?
43
What is -39 + -7 + 18 + 39 - (15 + -1)?
-3
What is (1 - 1) + -48 + -150 + 154?
-44
(0 - -8) + 14 + -26 + (190 - 191)
-5
Evaluate 0 + 21 - (3481 - 3486).
26
What is the value of 6 + -6 - (115 + -179)?
64
What is 8 - (11 + (-19 - -15) + -8) - (0 - 73)?
82
Evaluate -3 + (-6 - 1) + -10 - (-148 - -19).
109
-13 - 2 - (-55 + -62 + 141)
-39
What is the value of (4955 - 4908) + -1 + -42?
4
What is the value of -10440 + 10449 + 1 + -3 + -88 + 1?
-80
What is (6 - 0 - (0 - 7 - -46)) + (-15 - -20)?
-28
Calculate -66 + 37 + 62 + -10.
23
Evaluate -21 + ((18 + -24 - -33) + -12 - 21).
-27
53 + -987 + 988 + (-11 - 2)
41
Evaluate -2 + -3 + (-74 - (7 + (-48 - -15))).
-53
What is the value of (-69 - -46 - (-10 + -33)) + 17?
37
What is 2 + 2 - -13 - 12 - (-2 + 47) - -7?
-33
-9 - (9 + 5) - (-100 + 40)
37
What is -17 - (0 + -2) - (-1901 + 1925)?
-39
What is -111 - (38 + -8 + 4 - 10) - -21?
-114
What is 101 + -21 + -67 + 6 + -5 + -36?
-22
Calculate -97 + 39 + 47 + -36.
-47
What is the value of (-1 - 31) + -98 + 119 + -25?
-36
Evaluate (-5 - 4) + (3 - (11 + -7)) - -23.
13
Calculate 76 - (181 - 90) - (1 - 82).
66
What is 7 + -4 + -5 + (-51 - 14 - -26)?
-41
Calculate -10 - (3 + -11 + 32 + -38).
4
Evaluate -116 - -61 - (-69 + 111).
-97
What is the value of (7 - (4 + -14 + 6 + -4)) + (-3 - -3)?
15
Evaluate (-9 - (-95 + 89)) + -13.
-16
What is the value of 26 + 50 + 5 + (30 - 30)?
81
What is the value of -1 + -21 + (-74 - -25) + 26?
-45
Evaluate 45 + (-11 - 1) + 49 + (3 - 47).
38
Evaluate 40 - (61 - (108 + -55)).
32
Calculate -79 + 99 - (68 + 22).
-70
(-24 - (13 + (-50 - -26))) + (62 - 0)
49
What is -77 + 107 + -2 + -54?
-26
-4704 + 4697 - (30 - (2 - (-2 - -2)))
-35
Calculate 39 + (-4 - -7) + (-19 - -18).
41
1 + 42 + 73 + 196 + -249
63
What is (92 - (18 + -4 + 6) - 15) + (-5 - -13)?
65
Evaluate 19 - (8 - (9 + -2 - (-9 - (-19 - -17)))).
25
What is 5 + (-4 - 15) - (-7 - 3 - -4) - -47?
39
(-11 - (-108 + 10) - -7) + -33 + 17
78
What is the value of 2 + -2 - -32 - (-17 + -18 + 10 - -20)?
37
What is the value of (-3 - -17) + (-4 - (12 - 43) - 21)?
20
What is the value of -4 + (11 - (2 + -18 - -15)) - -65?
73
Calculate ((-13 - -4) + 20 